 common factor of d and g?
13
Suppose -3*i + i - k = -123, -2*i + 118 = 2*k. Suppose 3*s - i = -2*b - 3*b, 0 = -3*b + 4*s + 21. What is the highest common factor of 187 and b?
11
Suppose 2*m + 4*k + 422 = 0, 4*k = 2*m + 3*k + 417. Let l = m + 224. Let f(c) = 9*c + 3. Let n be f(3). Calculate the greatest common factor of n and l.
15
Suppose 2*u - 3*m = 1885, -40*u + 35*u + 4*m + 4695 = 0. Calculate the greatest common divisor of u and 275.
55
Suppose 2*u + 6*o - 550 = 0, 3*o + 0 = 2*u - 586. What is the greatest common factor of 1312 and u?
41
Let j(v) = -v**3 + 15*v**2 + 11*v - 179. Let x be j(14). What is the highest common factor of 874 and x?
19
Suppose 3*l - 7*l + 4*h = -1952, 4*l + 4*h = 1984. Let j = l - 436. What is the highest common factor of j and 2?
2
Suppose 35*v - 10*v - 153090 = -17*v. What is the greatest common factor of v and 585?
45
Let t = 47 - 82. Let c = 51 + t. Let d(p) = p**3 - 2*p**2 - 1. Let j be d(3). Calculate the highest common divisor of c and j.
8
Let z(n) = 2*n - 6. Let b be z(4). Suppose b*s - 462 = -4*s. Let y be (5/15)/(3/63). Calculate the greatest common divisor of y and s.
7
Let t be ((-6)/(-9))/((-2)/24). Let j = 41 + t. Let r = 2579 + -2557. Calculate the highest common divisor of r and j.
11
Let c(p) = -p**3 - 13*p**2 - 13*p + 6. Let y be c(-12). Calculate the greatest common factor of 198 and y.
18
Suppose -25*p + 329 - 104 = 0. Let t be 56 + (p - 1) - 4. Calculate the highest common divisor of t and 345.
15
Suppose -4*g - i = -820, 4*g - 423 = -5*i + 413. Suppose -c - 4*r + 27 = -r, 7 = c - r. Calculate the greatest common factor of c and g.
12
Let m(p) = -3*p**3 - 97*p**2 + 11*p + 61. Let c be m(-33). What is the highest common divisor of 8 and c?
4
Suppose 831*i - 805*i - 1248 = 0. What is the greatest common factor of 2832 and i?
48
Let o(r) = r**3 + 3*r**2 - 4*r - 2. Suppose -20*l = -22*l + 6. Let x be o(l). Suppose -8*f + 4*f = -400. What is the highest common factor of x and f?
20
Let y be (-14)/(-42)*0 + 904. Calculate the highest common factor of y and 565.
113
Let k(r) = -r**3 + 6*r**2 + 37*r - 171. Let i be k(5). Calculate the highest common factor of 208 and i.
13
Let j(w) = -w**3 + 37*w**2 - 164*w + 134. Let p be j(27). Calculate the greatest common factor of p and 4.
4
Let z be 1/(-2)*5/(-5)*6. Suppose 6*h = 5*h + z*q + 76, -2*h + 124 = q. What is the greatest common factor of 12 and h?
4
Suppose 0 = 2*k - 13*z + 9*z - 276, -4*k - 4*z + 624 = 0. Calculate the greatest common factor of k and 200.
50
Suppose -2 + 9 = 61*v - 54. Calculate the highest common factor of 1657 and v.
1
Suppose -4*u + 3*m + 1281 = 0, u = -0*u + m + 319. Let y be 9017/254 + (-1)/(-2). Calculate the highest common factor of y and u.
36
Let b be 8/(-1) - -2 - ((-212)/2 + 4). Calculate the greatest common factor of b and 3232.
32
Let m = 406 + -138. Suppose d + l = -2*d + m, 0 = -l + 4. Calculate the greatest common factor of d and 132.
44
Let t = -10795 - -11091. What is the highest common factor of t and 814?
74
Let x = 6878 + -6874. What is the greatest common divisor of 586 and x?
2
Let n(y) = 1786*y**3 - 5*y**2 + 14*y - 10. Let x be n(1). What is the greatest common divisor of 9945 and x?
255
Suppose -8*x + 336 = -784. What is the highest common divisor of 60620 and x?
140
Let d(o) = -o**3 + 3*o**2 + 7*o - 9. Suppose 47*y - 31*y = 48. Let u be d(y). Calculate the highest common divisor of 12 and u.
12
Let o(m) = -m - 4. Let p be o(-16). Suppose 2*c + 3*q - 49 - 29 = 0, p = 3*q. What is the greatest common factor of 165 and c?
33
Let z = 2793 + -2668. What is the greatest common factor of 1375 and z?
125
Let p be 216/20*70/3. Let m be 492/(-7)*p/(-54). Calculate the highest common divisor of m and 41.
41
Let d(l) = -6*l - 88. Let w be d(-108). Calculate the greatest common factor of w and 364.
28
Let a(s) = -82*s - 1470. Let x be a(-18). Calculate the greatest common divisor of x and 21.
3
Suppose -94 = -3*n + 4*r, -3*n + 7*n + 5*r - 177 = 0. Let a = n - -38. Suppose -g = -a - 59. Calculate the greatest common divisor of g and 15.
15
Let m be (5 - (2 + -1)) + -19. Let r be (12/m)/((-4)/200). Let j = -35 + r. What is the highest common factor of 10 and j?
5
Let g be (-1119)/(-45) - (-32)/240. Let f be -156*((-25)/(-5) - g/4). Calculate the highest common factor of 117 and f.
39
Let a(y) = -27*y**2 + 2*y + 1. Let i be a(-1). Let c = i - -32. Let h = 59 + -27. What is the greatest common factor of h and c?
4
Let x = 2777 + -2700. Calculate the greatest common divisor of x and 572.
11
Let a = 6050 + -5250. What is the highest common factor of a and 110?
10
Let j be 19 + 90/((-100)/10). Let l(g) = 46*g + 6. Let q be l(4). Calculate the highest common factor of j and q.
10
Suppose 0 = 4*o - 8, -4*p - 5*o = -1183 + 361. What is the highest common divisor of p and 1363?
29
Suppose 0 = -2*n - 8 - 4. Let f(s) = -244*s + 126. Let r be f(n). What is the greatest common divisor of r and 30?
30
Let n(v) = v**2 - 28*v + 33. Let t be n(37). Let r = 1062 - t. Calculate the highest common factor of 24 and r.
24
Suppose -h + o - 503 = -2*h, o + 2539 = 5*h. What is the highest common factor of 3 and h?
3
Suppose s = -3*j + 9009, j = 4*s - s - 27077. Calculate the greatest common divisor of s and 32.
32
Let y be 2765/63 - 13/(-117). What is the highest common factor of 1903 and y?
11
Suppose 5*p = 2*i - 34 - 34, -4*p = i + 44. Let x be 3*12 - p/(-3)*-1. Calculate the highest common factor of 120 and x.
40
Let s(g) = -g**3 + 12*g**2 + 25*g + 113. Let u be s(12). What is the greatest common factor of u and 59?
59
Let l = 31330 + -31308. Let q(h) = -7 - 6*h**3 + 4*h**3 + h**3 + 6*h. Let u be q(-5). What is the highest common divisor of l and u?
22
Suppose 23*p + 6*p = 232. Let u(r) = -r**3 + 5*r**2 + 7*r + 2. Let c be u(6). What is the highest common divisor of p and c?
8
Suppose 0 = -2*k - 5*m + m + 230, -3*m = 2*k - 230. Let g = 45556 - 45546. Calculate the greatest common divisor of g and k.
5
Suppose 226 = 2*x - 3*w, 2*x + 2*w = 69 + 147. Suppose -4*a + 399 = -289. Let k be (a/(-17))/(-1) - (-18)/(-153). What is the highest common factor of x and k?
10
Let r(f) = f + 66. Let i be r(0). Let k(l) = 193*l + 15423. Let m be k(-79). Calculate the greatest common factor of m and i.
22
Suppose 0 = 18*a - 25235 - 29773. Suppose 3*w - 784 = a. What is the greatest common divisor of 80 and w?
80
Let c = 3 - 2. Let w = 257 + -497. Let s = 241 + w. What is the highest common divisor of c and s?
1
Let x = 120376 + -120364. Suppose -5*p = -63 - 207. What is the highest common factor of p and x?
6
Let n = -95025 - -95050. Let o(j) = -j**3 + j + 5. Let s be o(0). Calculate the greatest common divisor of s and n.
5
Let y(s) be the second derivative of -10*s**2 - 12*s + 1/12*s**4 + 0 - 5/3*s**3. Let r be y(-10). What is the greatest common factor of r and 20?
20
Let n = -5090 - -5442. Calculate the greatest common factor of n and 396.
44
Suppose -5*k = 423*h - 422*h - 21, k - 21 = -h. Let o be 0/(1/(2/(-4))). Suppose 4*s + 0*s - 12 = o. What is the highest common divisor of s and h?
3
Suppose 5*x + 2*d - 58676 = 91798, 2*d = -3*x + 90282. Calculate the highest common divisor of x and 88.
88
Let o(a) = 18*a**2 - 10*a + 21. Let h be o(4). Let v = h + -182. Let g = v - 63. Calculate the greatest common divisor of g and 8.
8
Let f be (-3264)/336 - 2/7. Let i(a) = a**2 + 10*a + 40. Let v be i(f). What is the greatest common factor of v and 300?
20
Let n = 25401 - 23843. Calculate the highest common divisor of 287 and n.
41
Let o(y) = -y**3 - 25*y**2 - 171*y - 108. Let q be o(-12). Let f(m) = -54*m. Let j be f(-1). Calculate the highest common factor of j and q.
18
Let t be 4 + (-42)/49*-14. What is the highest common divisor of t and 2464?
16
Suppose -z + 2354 - 1296 = -5*d, -4*z + 4416 = 3*d. Calculate the greatest common divisor of 122 and z.
122
Suppose -3*t = 2*t - k - 80, 4*k = -20. Suppose 470 = 2*g + 5*x, -246 + 12 = -g - 3*x. Calculate the greatest common divisor of t and g.
15
Suppose 2*l = -2*k + 10, 0*l - 5*l + 19 = 2*k. Suppose -3*b - 2*f = 158, b - 3*f + 47 = k*f. Let h = -34 - b. What is the greatest common factor of 162 and h?
18
Let d(u) = -u**2 - 10*u - 2. Let o be d(-8). Let v be (-245)/(-20) + 5/(-20). Suppose r - 19 = -v. Calculate